en o is divided by 7?
5
Let v = 33 - -15. Let k(r) = -r**3 + 10*r**2 + 6*r - 13. Let s be k(10). Let f = s + -37. What is the remainder when v is divided by f?
8
Let c = 51 - 25. Suppose -11*z - 294 = -4*w - 9*z, 3*w - z = 223. Calculate the remainder when w is divided by c.
24
Let s be (9 - 8)/(-2*1/(-10)). Suppose -9*m + 100 = -s*m. Let r(l) = 3*l**3 - 5*l**2 - 3*l - 2. What is the remainder when r(4) is divided by m?
23
Suppose 280*i = 311*i - 1178. Let z(q) = -q**2 + 6*q - 6. Let l be z(6). What is the remainder when i is divided by (-76)/l - (-1)/3?
12
Let l(m) = 47*m - 533. What is the remainder when 397 is divided by l(12)?
25
Let h be 18/1*(2/(-4) - -1). Suppose -k - 4*c + 7 = -h, -2*k + 20 = 2*c. What is the remainder when k is divided by 6?
2
Let c be (-3)/(-9) + (-21)/9 + 2. Suppose -v + 8*v - 161 = c. What is the remainder when v is divided by 8?
7
Let m(o) = -2*o**3 - 7*o**2 - 7*o + 13. What is the remainder when m(-5) is divided by 8?
3
Let j(w) = 26*w**3 - w**2 + 3*w - 2. Let i be ((-1)/2)/(((-1)/(-1))/(-2)). Let u = -73 - -123. Calculate the remainder when u is divided by j(i).
24
Let d = -964 + 1061. Calculate the remainder when 1745 is divided by d.
96
Suppose -4*s + 126 = 38. Let u be 2/4*(-1 - -9). Suppose 2*a + u*r - 4 = 0, 2*a = 3*a - 4*r - 20. Calculate the remainder when s is divided by a.
6
Let r(d) = 7*d - 316 + 0*d + 3*d**2 + 309 + 6*d. What is the remainder when r(-6) is divided by 12?
11
Let g(v) = -14*v**2 + 2. Let d(a) = -a**3 + 4*a**2 + 12*a - 3. Let l be d(6). Let n be g(l). Let q = n + 224. What is the remainder when q is divided by 34?
32
Suppose o - 35 = -3*q, 4*o - 2*q - 138 = 44. Let p = 74 - o. What is the remainder when 59 is divided by p?
29
What is the remainder when 2088/96*(-8)/(-6) is divided by 1 - (0/(-1) + -10)?
7
Let d be 45/18 - (-2)/4. Let x be 1*(1 + -4) - d. Calculate the remainder when 58 is divided by ((-20)/x)/(8/36).
13
Suppose 445*x - 435*x = 300. What is the remainder when x is divided by 18?
12
Suppose -2*x + 3*j + 181 = 0, -44 - 326 = -4*x - 2*j. Suppose -24*s + 811 - 235 = 0. Calculate the remainder when x is divided by s.
20
Let m be -6*3/(-36) + 590/4. Let y = m + -23. Calculate the remainder when y is divided by 32.
29
Suppose -195 = -8*l + 5*l. What is the remainder when 324 is divided by l?
64
Suppose 3*g = x - 3*x + 273, 4*g + 3*x - 365 = 0. Calculate the remainder when 279 is divided by g.
12
Calculate the remainder when 8 is divided by (-8)/(-1 + 3 + -1 + -3).
0
Let m = 282 + -191. Let t = 143 - m. What is the remainder when t is divided by 31?
21
Let z(n) = n. Let t(v) = 2*v - 1. Let s(u) = -t(u) - 5*z(u). Let x be s(-3). Let r = x - 10. Calculate the remainder when 45 is divided by r.
9
Suppose 236 = -4*g - 184. Let p be (g/(-9))/5*15. Let c = p + -18. Calculate the remainder when c is divided by 3.
2
Let h = 44 + -48. Let g = 3 + -5. Calculate the remainder when 82 is divided by g/h + 287/14.
19
Suppose 11 + 61 = 2*r. What is the remainder when r is divided by 14?
8
Let s be (14/3)/((-1)/(-3)). Let a(r) = -r**2 + 16*r - 21. Let x be a(s). Let z(g) = 5*g + 11. What is the remainder when z(x) is divided by 24?
22
Let s = -17 + 22. Suppose 10*a - 5*a = -s*b - 10, -3 = a. Suppose 4*i = -11 - b, -8 = j + 5*i. What is the remainder when 24 is divided by j?
3
Let y = -44 + 48. Suppose -k - 38 = -3*d + y*k, 5*k = -3*d + 58. What is the remainder when 59 is divided by d?
11
Suppose 17 = 5*n + 2*k, 4*n - k - 11 + 0 = 0. Suppose n*a + 0 = -24. Calculate the remainder when 28/a*(-36)/7 is divided by 3.
0
Let f = 58 - 44. Let q = 26 + f. Calculate the remainder when 159 is divided by q.
39
Let s be (-4)/18 - 29/(-9). Suppose s*w + 1 + 8 = 0. Calculate the remainder when -49*(w + 6)/(-3) is divided by 17.
15
Suppose -3*n - 2*z = -20, 7*z = n + 4*z + 8. Let r be 2/4*(n - 2). Calculate the remainder when 22 is divided by -2 - r - (0 - 11).
6
Let i(h) = -2*h**2 - 5*h - 2. Let k be i(-5). Let p = 37 + k. Calculate the remainder when p is divided by 6.
4
Let z(i) = 49*i - 104*i + 80 + 49*i. Calculate the remainder when 5*((-2)/(-1) - -3) is divided by z(11).
11
Suppose -4*j + 50 = 5*p, 4*p + 7 = 3*j - 46. Let m be (-2)/8 + 363/12. Suppose -3*s + 8*s - m = 0. Calculate the remainder when j is divided by s.
3
Let l be (-1 + -3 + 1)*3/9. Calculate the remainder when 30 is divided by 5 + -5 - 3/l.
0
Let r = 48 + -22. Let t be 1 + -7 - (-1 + 7)/(-3). Calculate the remainder when (t/(-5))/((-2)/(-190) + 0) is divided by r.
24
Let p = 11 - -41. Let z = p + -45. Calculate the remainder when 3*((-31)/(-3) - -1) is divided by z.
6
Let m = -47 + 83. Calculate the remainder when m is divided by 16.
4
Let a = 957 - 879. What is the remainder when 461 is divided by a?
71
Let f = 68 - -170. What is the remainder when f is divided by 60?
58
Calculate the remainder when 257 is divided by 1120/13 - -2*13/(-169).
85
Let l = 322 - 298. Calculate the remainder when 29 is divided by l.
5
What is the remainder when 448 is divided by (75/(-4))/((-3)/8)?
48
Let h be (-27)/36*(-1)/(2/8). Suppose 6*a = h*a + 87. What is the remainder when a is divided by 10?
9
Calculate the remainder when (96/64)/(0 - 9/(-408)) is divided by 25.
18
Calculate the remainder when 138 is divided by 6*-1 + -39 + 83.
24
Suppose 6*g - 9*g = 5*i - 54, 0 = -i + 3*g + 18. Calculate the remainder when 597 is divided by i.
9
Suppose -m - 3*m = -4. Calculate the remainder when 566/8 + m*2/8 is divided by 25.
21
Let x = -1456 + 1480. What is the remainder when 597 is divided by x?
21
Let c(g) = -2*g**2 + 53*g + 62. Calculate the remainder when 173 is divided by c(27).
33
Let j(w) = w + 117. What is the remainder when j(26) is divided by 37?
32
Let a = 4 + -2. Let d(x) = 5*x**3 - 2*x**2 + 2*x - 1. What is the remainder when d(1) is divided by ((-3)/(-2))/(1/a)?
1
Let w = 187 - 122. What is the remainder when w is divided by 6?
5
Calculate the remainder when 412 is divided by -11 + (-1008 - 6)/(-13).
10
Let j be 87/27 + 4/(-18). Let g(z) = 2*z**2 - z - 1. Suppose 0 = m - 6*m + 335. Calculate the remainder when m is divided by g(j).
11
Let i(g) = -6*g - 226. Suppose -3*k + 191 = -2*k. Calculate the remainder when k is divided by i(-43).
31
Let z(s) = s**3 + 7*s**2 + 10. Suppose -38 = -5*q + l, -4*q + 3 = 2*l - 19. Let m = q + -14. What is the remainder when 38 is divided by z(m)?
8
Suppose -2*t - 37 = -2*r + t, 5*r - 2*t = 65. Let p = -220 + 238. Calculate the remainder when p is divided by r.
7
Suppose -10*c + 3*x = -7*c - 858, -2*x = 0. What is the remainder when c is divided by 17?
14
Let l = 4 + -1. Suppose 57 = l*r + 6. Suppose 5*i + r = 6*i. What is the remainder when 33 is divided by i?
16
Suppose 2*l - 33 - 21 = 3*b, 0 = 2*l - 5*b - 50. Suppose 0 = 3*f - 7*f + 468. What is the remainder when f is divided by l?
27
Calculate the remainder when 405 is divided by 1*71 - (-6 + (-72)/(-8)).
65
Let v be -1*10/(-15)*3. Suppose 0 = -5*a + v + 8. What is the remainder when 9 is divided by a?
1
Let b be (-21)/24*2*-4. Suppose 0 = -9*d + b*d. Suppose 2*x - 6*x + 44 = d. What is the remainder when 43 is divided by x?
10
Let f = 182 - 173. Calculate the remainder when 23 is divided by f.
5
Let x = 26 + 16. Let w be ((-24)/32)/((-1)/4). Suppose w*m + 16 - 82 = 0. Calculate the remainder when x is divided by m.
20
Let d(p) = 2*p**2 + 21*p - 34. Calculate the remainder when 95 is divided by d(-13).
2
Let t be ((-66)/4)/((-3)/4). Suppose 2*z - t = 3*d - 2*d, 5*d - 40 = -5*z. Let h = 14 - z. Calculate the remainder when 12 is divided by h.
0
Let z(o) be the third derivative of o**4/8 + 37*o**3/6 + 13*o**2. What is the remainder when z(0) is divided by 20?
17
Suppose 0 = g - 5*w - 109, 3*g - 4*w - 249 - 23 = 0. What is the remainder when g is divided by (5 + 4 + -8)*17/1?
16
Let z(q) = 35*q**3 - 2*q + 1. Suppose 18*g - 14*g = 12. Suppose 0*i + 54 = g*i. Calculate the remainder when z(1) is divided by i.
16
Let t(u) = u**3 - u**2 - u + 33. Calculate the remainder when t(0) is divided by 0 + 2 + (0 - -3).
3
Let q(f) = f**3 - 6*f**2 - 19*f + 33. Suppose -10*v - 32 = -14*v. Suppose 4*d + 0*d = 96. Calculate the remainder when d is divided by q(v).
6
Let c(y) = 26*y - 16. Let k be c(6). Calculate the remainder when 3/(-7) + 1880/k is divided by 9.
4
Let y be (-1